st common factor of 51942 and 198.
66
Calculate the greatest common divisor of 59 and 481794.
59
What is the greatest common divisor of 27375 and 90?
15
Calculate the highest common divisor of 10778 and 34.
34
What is the greatest common factor of 45528 and 21?
21
What is the highest common factor of 52061 and 2449?
79
What is the greatest common divisor of 1364 and 155?
31
Calculate the greatest common divisor of 7175 and 805.
35
Calculate the greatest common divisor of 1496 and 12308.
68
Calculate the greatest common factor of 41547 and 3069.
33
What is the highest common divisor of 2412137 and 455?
91
What is the highest common factor of 54 and 33318?
54
What is the highest common divisor of 4099455 and 45?
45
What is the highest common factor of 585 and 1372527?
117
Calculate the highest common factor of 1089 and 37521.
99
What is the highest common factor of 5819 and 30682?
529
Calculate the highest common factor of 11 and 102938.
11
Calculate the greatest common divisor of 111 and 267.
3
Calculate the greatest common factor of 150289 and 137.
137
Calculate the greatest common divisor of 3757 and 22491.
17
Calculate the highest common divisor of 371 and 8561.
7
Calculate the highest common factor of 128 and 951424.
128
What is the greatest common divisor of 16 and 36688?
16
What is the greatest common factor of 1602 and 3649?
89
What is the greatest common factor of 3808 and 128996?
476
What is the highest common divisor of 2606479 and 47?
47
Calculate the highest common factor of 74517 and 177.
177
Calculate the greatest common divisor of 9 and 853.
1
What is the greatest common factor of 178024 and 4312?
616
What is the greatest common factor of 975 and 3497?
13
What is the highest common factor of 21948 and 5952?
372
What is the greatest common factor of 1780269 and 138?
69
Calculate the greatest common divisor of 658 and 42.
14
What is the highest common divisor of 1792126 and 392?
98
What is the highest common divisor of 16 and 22484?
4
Calculate the highest common factor of 157892 and 28.
28
Calculate the highest common divisor of 26 and 19589986.
26
What is the greatest common factor of 20 and 1715?
5
What is the highest common divisor of 28413 and 27552?
861
What is the highest common factor of 696 and 10527?
87
What is the highest common divisor of 2910 and 64770?
30
Calculate the greatest common divisor of 1372 and 21756.
196
What is the highest common factor of 14 and 381962?
14
Calculate the highest common divisor of 10160 and 2720.
80
What is the greatest common divisor of 5733 and 168?
21
What is the greatest common divisor of 29639 and 4709?
277
What is the greatest common factor of 291712 and 53?
53
What is the highest common divisor of 454956 and 9?
3
What is the greatest common factor of 76602 and 68?
34
What is the greatest common factor of 254848 and 352?
352
Calculate the highest common factor of 130 and 20940.
10
What is the greatest common factor of 74 and 578458?
74
Calculate the highest common factor of 1953 and 2556.
9
Calculate the highest common divisor of 101104 and 712.
712
What is the greatest common divisor of 54237 and 5151?
303
What is the highest common factor of 8 and 1437544?
8
Calculate the highest common divisor of 45 and 132633.
9
What is the highest common divisor of 262260 and 155?
155
Calculate the highest common divisor of 438 and 804.
6
Calculate the greatest common factor of 16 and 4976.
16
Calculate the greatest common divisor of 18 and 367218.
18
What is the highest common factor of 6 and 2007?
3
Calculate the highest common divisor of 5180910 and 147.
21
Calculate the greatest common factor of 659495 and 25.
5
What is the greatest common divisor of 543 and 145705?
181
Calculate the greatest common factor of 1694 and 2996.
14
Calculate the highest common factor of 490024 and 16.
8
Calculate the highest common divisor of 12466 and 57914.
46
What is the highest common factor of 61776 and 240?
48
Calculate the highest common factor of 816 and 25041.
51
Calculate the greatest common divisor of 72 and 16776.
72
Calculate the highest common divisor of 20239 and 4376.
547
Calculate the greatest common factor of 197 and 4886979.
197
Calculate the greatest common factor of 1804 and 87912.
44
Calculate the highest common factor of 68640 and 180.
60
Calculate the highest common factor of 532 and 120092.
28
Calculate the greatest common factor of 32 and 220912.
16
What is the greatest common divisor of 220261 and 74?
37
Calculate the greatest common divisor of 21350 and 349286.
854
What is the greatest common divisor of 261 and 2269656?
261
Calculate the highest common factor of 3460 and 20.
20
Calculate the highest common divisor of 1017603 and 12393.
1377
Calculate the greatest common factor of 505021 and 682.
341
Calculate the highest common factor of 18 and 51978.
6
Calculate the greatest common divisor of 32 and 288136.
8
Calculate the highest common factor of 10 and 275510.
10
Calculate the greatest common divisor of 629809 and 1576.
197
Calculate the highest common factor of 4 and 6604.
4
What is the greatest common factor of 36450 and 375?
75
What is the greatest common factor of 32568 and 606?
6
Calculate the greatest common factor of 47 and 627.
1
What is the greatest common factor of 308 and 68740?
28
Calculate the greatest common divisor of 880 and 172300.
20
What is the highest common factor of 54349 and 2224?
139
Calculate the greatest common factor of 783 and 3483.
27
What is the highest common divisor of 130 and 5731895?
65
What is the greatest common factor of 110211 and 3?
3
What is the greatest common factor of 248 and 11315?
31
Calculate the greatest common divisor of 4 and 19252.
4
Calculate the highest common factor of 40921 and 542.
271
Calculate the highest common divisor of 57071 and 1519.
217
What is the greatest common factor of 7 and 42077?
7
Calculate the greatest common divisor of 141220 and 920.
460
What is the greatest common factor of 320888 and 8?
8
Calculate the highest common factor of 8176 and 9296.
112
What is the highest common divisor of 1908 and 208674?
18
Calculate the greatest common divisor of 342360 and 15.
15
Calculate the greatest common factor of 6 and 147894.
6
Calculate the highest common factor of 56 and 392056.
56
What is the greatest common divisor of 35574 and 4719?
363
Calculate the highest common divisor of 36246 and 210.
42
Calculate the greatest common divisor of 148 and 36112.
148
Calculate the greatest common divisor of 4401922 and 14.
14
Calculate the greatest common factor of 593636 and 292.
292
What is the greatest common divisor of 184334 and 376?
94
Calculate the highest common factor of 243 and 1580634.
81
Calculate the highest common factor of 4134 and 1326.
78
What is the highest common factor of 87 and 82476?
87
What is the greatest common divisor of 78938 and 696?
58
Calculate the greatest common divisor of 874 and 276.
46
What is the greatest common factor of 48298 and 104842?
1178
Calculate the greatest common divisor of 558 and 4135059.
279
What is the highest common factor of 294652 and 380?
76
Calculate the greatest common divisor of 2589067 and 65.
13
Calculate the greatest common divisor of 359368 and 116.
116
Calculate the greatest common divisor of 6981 and 8034.
39
What is the highest common divisor of 14 and 2631825?
7
Calculate the highest common factor of 6771342 and 6.
6
What is the greatest common divisor of 1760 and 9504?
352
What is the greatest common divisor of 9701 and 267?
89
Calculate the highest common factor of 567 and 917.
7
What is the highest common divisor of 100 and 1424?
4
Calculate the highest common divisor of 39 and 64038.
39
What is the highest common factor of 157552 and 72?
8
Calculate the highest common divisor of 1146785 and 2174.
1087
What is the greatest common factor of 20108 and 352?
44
What is the highest common divisor of 111 and 47989?
37
What is the highest common factor of 380 and 257260?
380
Calculate the greatest common divisor of 171 and 2.
1
What is the highest common divisor of 1430 and 26895?
55
Calculate the greatest common divisor of 1313222 and 354.
118
Calculate the highest common factor of 68 and 157709.
17
Calculate the greatest common factor of 219501 and 1392.
87
Calcul